{"id":306,"date":"2019-04-17T20:49:16","date_gmt":"2019-04-17T18:49:16","guid":{"rendered":"http:\/\/agrafprod.noblogs.org\/?page_id=306"},"modified":"2019-04-17T20:56:07","modified_gmt":"2019-04-17T18:56:07","slug":"la-brochure-des-frites","status":"publish","type":"page","link":"https:\/\/agrafprod.noblogs.org\/?page_id=306","title":{"rendered":"LA BROCHURE DES FRITES!!!!!"},"content":{"rendered":"<h1 style=\"text-align: center\">La Brochure des frites<\/h1>\n<h2 style=\"text-align: center\">Livre de propagande<\/h2>\n<h3 style=\"text-align: center\">Bient\u00f4t r\u00e9\u00e9dit\u00e9 en format papier<\/h3>\n<p><img loading=\"lazy\" decoding=\"async\" class=\"aligncenter size-full wp-image-106\" src=\"https:\/\/agrafprod.noblogs.org\/files\/2017\/08\/livrefrites.jpg\" alt=\"\" width=\"4608\" height=\"3456\" srcset=\"https:\/\/agrafprod.noblogs.org\/files\/2017\/08\/livrefrites.jpg 4608w, https:\/\/agrafprod.noblogs.org\/files\/2017\/08\/livrefrites-300x225.jpg 300w, https:\/\/agrafprod.noblogs.org\/files\/2017\/08\/livrefrites-768x576.jpg 768w, https:\/\/agrafprod.noblogs.org\/files\/2017\/08\/livrefrites-1024x768.jpg 1024w\" sizes=\"auto, (max-width: 4608px) 100vw, 4608px\" \/><\/p>\n<p><img loading=\"lazy\" decoding=\"async\" class=\"aligncenter size-full wp-image-107\" src=\"https:\/\/agrafprod.noblogs.org\/files\/2017\/08\/test-e1502391779369.jpeg\" alt=\"\" width=\"981\" height=\"1002\" \/><img loading=\"lazy\" decoding=\"async\" class=\"aligncenter size-full wp-image-294\" src=\"https:\/\/agrafprod.noblogs.org\/files\/2018\/10\/test2.jpeg\" alt=\"\" width=\"1002\" height=\"981\" srcset=\"https:\/\/agrafprod.noblogs.org\/files\/2018\/10\/test2.jpeg 1002w, https:\/\/agrafprod.noblogs.org\/files\/2018\/10\/test2-300x294.jpeg 300w, https:\/\/agrafprod.noblogs.org\/files\/2018\/10\/test2-768x752.jpeg 768w\" sizes=\"auto, (max-width: 1002px) 100vw, 1002px\" \/><img loading=\"lazy\" decoding=\"async\" class=\"aligncenter size-full wp-image-295\" src=\"https:\/\/agrafprod.noblogs.org\/files\/2018\/10\/test3.jpeg\" alt=\"\" width=\"996\" height=\"965\" srcset=\"https:\/\/agrafprod.noblogs.org\/files\/2018\/10\/test3.jpeg 996w, https:\/\/agrafprod.noblogs.org\/files\/2018\/10\/test3-300x291.jpeg 300w, https:\/\/agrafprod.noblogs.org\/files\/2018\/10\/test3-768x744.jpeg 768w\" sizes=\"auto, (max-width: 996px) 100vw, 996px\" \/><img loading=\"lazy\" decoding=\"async\" class=\"aligncenter size-full wp-image-296\" src=\"https:\/\/agrafprod.noblogs.org\/files\/2018\/10\/test4.jpeg\" alt=\"\" width=\"1002\" height=\"981\" srcset=\"https:\/\/agrafprod.noblogs.org\/files\/2018\/10\/test4.jpeg 1002w, https:\/\/agrafprod.noblogs.org\/files\/2018\/10\/test4-300x294.jpeg 300w, https:\/\/agrafprod.noblogs.org\/files\/2018\/10\/test4-768x752.jpeg 768w\" sizes=\"auto, (max-width: 1002px) 100vw, 1002px\" \/><img loading=\"lazy\" decoding=\"async\" class=\"aligncenter size-full wp-image-298\" src=\"https:\/\/agrafprod.noblogs.org\/files\/2018\/10\/test6.jpeg\" alt=\"\" width=\"990\" height=\"970\" srcset=\"https:\/\/agrafprod.noblogs.org\/files\/2018\/10\/test6.jpeg 990w, https:\/\/agrafprod.noblogs.org\/files\/2018\/10\/test6-300x294.jpeg 300w, https:\/\/agrafprod.noblogs.org\/files\/2018\/10\/test6-768x752.jpeg 768w\" sizes=\"auto, (max-width: 990px) 100vw, 990px\" \/><img loading=\"lazy\" decoding=\"async\" class=\"aligncenter size-full wp-image-299\" src=\"https:\/\/agrafprod.noblogs.org\/files\/2018\/10\/test7.jpeg\" alt=\"\" width=\"972\" height=\"966\" srcset=\"https:\/\/agrafprod.noblogs.org\/files\/2018\/10\/test7.jpeg 972w, https:\/\/agrafprod.noblogs.org\/files\/2018\/10\/test7-150x150.jpeg 150w, https:\/\/agrafprod.noblogs.org\/files\/2018\/10\/test7-300x298.jpeg 300w, https:\/\/agrafprod.noblogs.org\/files\/2018\/10\/test7-768x763.jpeg 768w\" sizes=\"auto, (max-width: 972px) 100vw, 972px\" \/><img loading=\"lazy\" decoding=\"async\" class=\"aligncenter size-full wp-image-300\" src=\"https:\/\/agrafprod.noblogs.org\/files\/2018\/10\/test8.jpeg\" alt=\"\" width=\"978\" height=\"982\" srcset=\"https:\/\/agrafprod.noblogs.org\/files\/2018\/10\/test8.jpeg 978w, https:\/\/agrafprod.noblogs.org\/files\/2018\/10\/test8-150x150.jpeg 150w, https:\/\/agrafprod.noblogs.org\/files\/2018\/10\/test8-300x300.jpeg 300w, https:\/\/agrafprod.noblogs.org\/files\/2018\/10\/test8-768x771.jpeg 768w\" sizes=\"auto, (max-width: 978px) 100vw, 978px\" \/><img loading=\"lazy\" decoding=\"async\" class=\"aligncenter size-full wp-image-301\" src=\"https:\/\/agrafprod.noblogs.org\/files\/2018\/10\/test9.jpeg\" alt=\"\" width=\"996\" height=\"986\" srcset=\"https:\/\/agrafprod.noblogs.org\/files\/2018\/10\/test9.jpeg 996w, https:\/\/agrafprod.noblogs.org\/files\/2018\/10\/test9-300x297.jpeg 300w, https:\/\/agrafprod.noblogs.org\/files\/2018\/10\/test9-768x760.jpeg 768w\" sizes=\"auto, (max-width: 996px) 100vw, 996px\" \/><img loading=\"lazy\" decoding=\"async\" class=\"aligncenter size-full wp-image-302\" src=\"https:\/\/agrafprod.noblogs.org\/files\/2018\/10\/test10.jpeg\" alt=\"\" width=\"1008\" height=\"975\" srcset=\"https:\/\/agrafprod.noblogs.org\/files\/2018\/10\/test10.jpeg 1008w, https:\/\/agrafprod.noblogs.org\/files\/2018\/10\/test10-300x290.jpeg 300w, https:\/\/agrafprod.noblogs.org\/files\/2018\/10\/test10-768x743.jpeg 768w\" sizes=\"auto, (max-width: 1008px) 100vw, 1008px\" \/><img loading=\"lazy\" decoding=\"async\" class=\"aligncenter size-full wp-image-303\" src=\"https:\/\/agrafprod.noblogs.org\/files\/2018\/10\/test11.jpeg\" alt=\"\" width=\"1008\" height=\"975\" srcset=\"https:\/\/agrafprod.noblogs.org\/files\/2018\/10\/test11.jpeg 1008w, https:\/\/agrafprod.noblogs.org\/files\/2018\/10\/test11-300x290.jpeg 300w, https:\/\/agrafprod.noblogs.org\/files\/2018\/10\/test11-768x743.jpeg 768w\" sizes=\"auto, (max-width: 1008px) 100vw, 1008px\" \/><img loading=\"lazy\" decoding=\"async\" class=\"aligncenter size-full wp-image-304\" src=\"https:\/\/agrafprod.noblogs.org\/files\/2018\/10\/test12bis.jpeg\" alt=\"\" width=\"948\" height=\"368\" srcset=\"https:\/\/agrafprod.noblogs.org\/files\/2018\/10\/test12bis.jpeg 948w, https:\/\/agrafprod.noblogs.org\/files\/2018\/10\/test12bis-300x116.jpeg 300w, https:\/\/agrafprod.noblogs.org\/files\/2018\/10\/test12bis-768x298.jpeg 768w\" sizes=\"auto, (max-width: 948px) 100vw, 948px\" \/><img loading=\"lazy\" decoding=\"async\" class=\"aligncenter size-full wp-image-305\" src=\"https:\/\/agrafprod.noblogs.org\/files\/2018\/10\/test13.jpeg\" alt=\"\" width=\"1002\" height=\"981\" srcset=\"https:\/\/agrafprod.noblogs.org\/files\/2018\/10\/test13.jpeg 1002w, https:\/\/agrafprod.noblogs.org\/files\/2018\/10\/test13-300x294.jpeg 300w, https:\/\/agrafprod.noblogs.org\/files\/2018\/10\/test13-768x752.jpeg 768w\" sizes=\"auto, (max-width: 1002px) 100vw, 1002px\" \/><img loading=\"lazy\" decoding=\"async\" class=\"aligncenter size-full wp-image-308\" src=\"https:\/\/agrafprod.noblogs.org\/files\/2019\/04\/couv-back.jpg\" alt=\"\" width=\"1601\" height=\"980\" srcset=\"https:\/\/agrafprod.noblogs.org\/files\/2019\/04\/couv-back.jpg 1601w, https:\/\/agrafprod.noblogs.org\/files\/2019\/04\/couv-back-300x184.jpg 300w, https:\/\/agrafprod.noblogs.org\/files\/2019\/04\/couv-back-768x470.jpg 768w, https:\/\/agrafprod.noblogs.org\/files\/2019\/04\/couv-back-1024x627.jpg 1024w\" sizes=\"auto, (max-width: 1601px) 100vw, 1601px\" \/><\/p>\n","protected":false},"excerpt":{"rendered":"<p>La Brochure des frites Livre de propagande Bient\u00f4t r\u00e9\u00e9dit\u00e9 en format papier<\/p>\n","protected":false},"author":12014,"featured_media":0,"parent":0,"menu_order":0,"comment_status":"closed","ping_status":"closed","template":"","meta":{"footnotes":""},"class_list":["post-306","page","type-page","status-publish","hentry"],"_links":{"self":[{"href":"https:\/\/agrafprod.noblogs.org\/index.php?rest_route=\/wp\/v2\/pages\/306","targetHints":{"allow":["GET"]}}],"collection":[{"href":"https:\/\/agrafprod.noblogs.org\/index.php?rest_route=\/wp\/v2\/pages"}],"about":[{"href":"https:\/\/agrafprod.noblogs.org\/index.php?rest_route=\/wp\/v2\/types\/page"}],"author":[{"embeddable":true,"href":"https:\/\/agrafprod.noblogs.org\/index.php?rest_route=\/wp\/v2\/users\/12014"}],"replies":[{"embeddable":true,"href":"https:\/\/agrafprod.noblogs.org\/index.php?rest_route=%2Fwp%2Fv2%2Fcomments&post=306"}],"version-history":[{"count":3,"href":"https:\/\/agrafprod.noblogs.org\/index.php?rest_route=\/wp\/v2\/pages\/306\/revisions"}],"predecessor-version":[{"id":310,"href":"https:\/\/agrafprod.noblogs.org\/index.php?rest_route=\/wp\/v2\/pages\/306\/revisions\/310"}],"wp:attachment":[{"href":"https:\/\/agrafprod.noblogs.org\/index.php?rest_route=%2Fwp%2Fv2%2Fmedia&parent=306"}],"curies":[{"name":"wp","href":"https:\/\/api.w.org\/{rel}","templated":true}]}}